a**3 + 6*a**2 - 2. Suppose 30 = 5*p + p. Give f(p).
23
Let l be 1 + (2 + 0 - 0). Let z(i) = -3*i + 8. Let k(d) = 1. Let g be ((-10)/4)/((-8)/(-16)). Let o(x) = g*k(x) + z(x). Determine o(l).
-6
Let i(v) = 7*v**2 - 2*v - 1. Let r(p) = 21*p**2 - 7*p - 3. Let w(s) = 7*i(s) - 2*r(s). Calculate w(-1).
6
Let v(h) be the third derivative of -h**6/120 + h**5/20 + h**4/12 + h**3/3 - 23*h**2. Calculate v(3).
8
Let m(p) = -p + 1. Suppose 7*k = 12 - 5. Give m(k).
0
Let u(l) be the third derivative of -l**4/24 + 5*l**3/6 + 16*l**2. What is u(4)?
1
Let w(p) = -2 - 6 + 7 + 2 + 4*p. What is w(4)?
17
Let s(l) = -l + 2. Let c be s(3). Let t(d) = d - 1. Let g(x) = -3. Suppose -4*k - m = -0*k - 11, m - 7 = -2*k. Let h(r) = k*t(r) - g(r). What is h(c)?
-1
Let c(v) = 3*v**2 - 5*v - 3. Let m(y) = -16*y**2 + 24*y + 14. Let o(j) = 11*c(j) + 2*m(j). Calculate o(8).
3
Let n(c) = 5*c - 5. Let p(t) = -2*t + 2. Let o(w) = 3*n(w) + 8*p(w). Determine o(7).
-6
Let j(u) = -u + 2. Let m be (6/(-4))/(-3)*-4. Let q(x) = -x**2 - 6*x - 1. Let o be q(-6). Let l be 6/(o*(-3)/m). Determine j(l).
6
Let x(a) = -2*a - 8. Let h be x(-6). Let s = h - 2. Let t(d) = -2*d - 3 - d**s + 1 + 3. Give t(2).
-7
Suppose -s + 17 = -0*s. Let m = s + -19. Let t(b) = 2*b**3 + 2*b**2 - 2*b - 1. What is t(m)?
-5
Let z(h) = 2*h - 8 + 4*h + h**2 + 3*h + 17. Let u(b) = 3*b**2 + 26*b + 26. Let r(k) = -3*u(k) + 8*z(k). Let a be 34/(-8) - 2/(-8). What is r(a)?
2
Let g(f) = -f**3 + 4*f**2 + 5*f - 1. Let b = 31 - 26. Calculate g(b).
-1
Let c be (3 + 9)*2/(-4). Suppose 8 = 2*w + 4*y - 0*y, 2*y = 2*w + 4. Let s(f) = -2*f + w - 3 + 0 - 6. Give s(c).
3
Let z(h) = -3*h**3 - 7*h**2 - 4*h + 11. Let s(v) = v**3 + 4*v**2 + 2*v - 5. Let w(x) = -5*s(x) - 2*z(x). Suppose -16 - 8 = -4*d. Give w(d).
-9
Let k(r) = r**2 - 1. Let v be 15/9 - (-3)/9. What is k(v)?
3
Let b(s) = 4*s**2 - s. Let j be (-1)/(-7) - (-52)/28. Suppose -2*x = j*x + 4. Calculate b(x).
5
Let i(w) = 2*w + 0*w - 5*w**2 - 3 + 1 + 0. Let p(r) = -r**2 - r. Let h(o) = -i(o) + 3*p(o). Calculate h(3).
5
Let j(n) = -n**2 + 16*n + 26. Let d be j(17). Let h(z) = 2*z - 12. Give h(d).
6
Let n = 7 + -9. Suppose 0 = -0*x + 3*x - 12. Let l be 1*(x - (2 + n)). Let q(d) = d**3 - 5*d**2 + 5*d - 1. Calculate q(l).
3
Let f = 3 - 2. Let t(g) = f - 3 - 2*g + 6. Determine t(4).
-4
Let d(k) = -7*k**2 - 10*k + 1. Let h(w) = -w**2. Let m(v) = -d(v) + 6*h(v). Determine m(-10).
-1
Let u(v) = v**3 - v - 1. Let c(n) = 7*n - 2. Let l be c(6). Suppose -5*g = 10 - l. Let z = -7 + g. Calculate u(z).
-1
Let q(b) = -4 + 0 - 3*b - b**2 - b. Suppose 5*a = 28 - 8. Suppose -1 = -3*g + 2*f - 4, 0 = a*g + f + 15. What is q(g)?
-1
Let b(o) be the first derivative of 0*o - 1/3*o**3 - 2*o**2 - 5. Calculate b(-2).
4
Let o = 6 + -5. Suppose -i = -2*i + o. Let u(m) = 6*m. Give u(i).
6
Let t(c) be the second derivative of -c**4/12 - c**3/6 - c**2/2 + c. Let v = -68 + 66. Calculate t(v).
-3
Let z(g) = g**2 + g - 3. Suppose 0 = -2*a + 2*r - 4, -2 = -3*r - 5. What is z(a)?
3
Let t be 2 - (-1 - -1 - -2). Let y(g) = g - 1. Calculate y(t).
-1
Let h = 5 + -8. Let i(f) be the third derivative of -f**6/120 - f**5/12 - f**4/6 - f**3/3 + f**2. Give i(h).
-8
Let x = -6 + 7. Let c(z) = -z**3 - z. Let t(p) = 3*p**3 + 3*p**2 + 7*p + 2. Let i(v) = x*t(v) + 4*c(v). Determine i(3).
11
Suppose -4*x = -o - 13, -4*o - 4*x + 18 = -6*o. Let i(q) = q**3 + 5*q**2 - q - 4. Calculate i(o).
1
Suppose -3*n + r + 3*r - 32 = 0, -3*r + 30 = -3*n. Let i = n + 8. Let p(w) = -3 + w**2 - w + 4 + 1. Calculate p(i).
2
Let m(l) be the first derivative of l**3/3 + 7*l**2/2 + 3*l - 28. Calculate m(-4).
-9
Let c(p) = p. Let q be 1*(1 + -1) + -1. Let t be (q + 1/4)*8. Let y(f) = -7*f + 3. Let m(l) = t*c(l) - y(l). Determine m(3).
0
Let h(u) = u**2 - 4*u - 5. Suppose 4*c + 12 = -0*c. Let y = 1 - c. Determine h(y).
-5
Let q(n) be the first derivative of n**4/24 + n**3/6 - 7*n**2/2 - 7. Let d(o) be the second derivative of q(o). Give d(-5).
-4
Let n(q) = 2*q - 4. Let b(o) = -5*o + 7. Let h(z) = 3*b(z) + 7*n(z). Give h(-6).
-1
Let a(k) = 2*k**2 + k - 2. Suppose 3*q - 4*n = 10, 0 = 2*n - 2 + 4. Calculate a(q).
8
Let y(m) be the third derivative of -m**7/5040 - m**6/240 + m**5/15 - 3*m**2. Let k(p) be the third derivative of y(p). What is k(-2)?
-1
Let q(j) be the third derivative of -1/60*j**5 - 1/24*j**4 - 1/120*j**6 - 1/3*j**3 + 0*j + 0 + 2*j**2. Determine q(0).
-2
Let u(j) be the second derivative of -j**4/12 + 2*j**3/3 + j**2 - 7*j - 4. Calculate u(4).
2
Let i = 1 - -5. Let f = -4 + i. Let n(w) be the first derivative of -2*w**3/3 + w**2/2 + 2*w + 3. Give n(f).
-4
Let j(a) = -a - 1. Let c(w) = 5*w + 7. Let q(l) = c(l) + 2*j(l). Calculate q(-5).
-10
Let z(s) = -6*s**3 - 2*s**2 + 1. Let x be z(-1). Let v(m) = m**2 - 4*m - 6. Let y(p) = -2*p**2 + 8*p + 13. Let o(r) = 13*v(r) + 6*y(r). Give o(x).
5
Let h(b) = -b + 5. Suppose -29 = -4*c - 5*t, -2*c = 2*t - 5 - 7. Let l be 57/9 + c/(-3). Determine h(l).
-1
Let w be ((-44)/(-12))/(3/9). Let t = w + -11. Let z(v) = -v**3 - v**2 + 1. Give z(t).
1
Let l(g) be the first derivative of -g**2 + 3/2*g**3 + 1 + 0*g - 1/12*g**5 + 7/24*g**4 - 1/120*g**6. Let r(j) be the second derivative of l(j). What is r(-6)?
3
Suppose 0 = 5*f - 6*f. Let w(q) = 3 - 6 - q + f. Determine w(6).
-9
Let h(x) be the first derivative of x**4/4 - x**3 - x**2/2 + 4*x - 2. Suppose -9 = 5*j + 26. Let d be (-2)/j + (-38)/(-14). Give h(d).
1
Let l(s) be the first derivative of -s**2/2 + 6. What is l(-4)?
4
Let a(r) = -r**2 - 5*r - 1. Suppose -3*p - 1 = 11. Calculate a(p).
3
Let d(s) be the third derivative of 0*s - s**2 + 4/3*s**3 + 0 - 1/12*s**4. Let o(f) = 25*f - 44. Let a be o(2). Give d(a).
-4
Let s(l) = -l**2 + 3*l + 4. Let y(v) = v + 1. Let u(x) = s(x) - y(x). Determine u(3).
0
Let y(j) be the third derivative of j**8/6720 + j**7/2520 + j**4/8 + j**2. Let s(h) be the second derivative of y(h). Calculate s(-2).
-4
Let k(o) = -4 - o**2 - 5*o + 6*o**3 - o**3 - 4*o**2. Let n(z) = 11*z**3 - 10*z**2 - 10*z - 9. Let h(t) = 9*k(t) - 4*n(t). Give h(6).
6
Let w(z) = 2 - 2*z**2 + 0*z**2 + 9*z - 6*z**2 + z**3 - 2*z**2. Let o be w(9). Let i(m) = -m**3 + 2*m - 1. Determine i(o).
-5
Suppose 3*a = 4*l - 32, -4*l + 0*l = 5*a. Let q(p) be the third derivative of -p**6/120 - p**5/20 + p**4/8 - p**3/2 - p**2. Calculate q(a).
1
Let b(w) = -9*w - 1. Let n(o) = 3*o**2 - 10*o - 9. Let v be n(4). What is b(v)?
8
Let u be 9/(-12) + 15/4. Suppose -u*t = t - 12. Let o(f) = 5*f. Let l(c) = -6*c. Let y(h) = 6*l(h) + 7*o(h). Give y(t).
-3
Let r be 32/(-5) - (-4)/10. Let n(b) = b**2. Let q(z) = -z**3 - 10*z**2 - z. Let d(p) = -4*n(p) - q(p). Determine d(r).
-6
Let o(a) = -5 - a + 6 + 2*a + 0*a. Let c(n) = -4*n**2. Suppose u = 1 - 2. Let w be c(u). Give o(w).
-3
Let c(j) = 5*j**3 - 5*j**2 + j + 4. Let i(a) = 11*a**3 - 10*a**2 + 2*a + 8. Let p(n) = -7*c(n) + 3*i(n). Suppose -2*h = 6*y - 2*y - 12, 0 = -4*h. Give p(y).
-16
Let d = 148 - 154. Let a(u) = 5*u**3 + 11*u**2 + 5*u - 12. Let g(b) = 9*b**3 + 21*b**2 + 10*b - 23. Let n(w) = 7*a(w) - 4*g(w). Calculate n(d).
2
Let u(t) = t**3 - 9*t**2 - 8*t + 4. Let q(k) = 5*k**3 - 37*k**2 - 33*k + 16. Let y(x) = -2*q(x) + 9*u(x). Calculate y(-6).
4
Let c be ((-18)/(-4))/(-9) + 1. Let d(v) be the first derivative of -c*v**2 - v + 3. Determine d(5).
-6
Let t(h) = -3*h**2 - 2. Let v(m) = 4*m**2 - m + 3. Let k(w) = -5*t(w) - 4*v(w). Suppose 4*q = r + 7*q + 12, 4*r - 2 = -2*q. What is k(r)?
1
Let m(k) = k - 5. Let f be m(5). Let p be ((-1)/(-2) + 0)*0. Let n(o) = p*o**2 + 5 + 9 - 20 - o**2. What is n(f)?
-6
Let p = 112 - 112. Let c(f) = f**3 - 6*f**2 + 6*f - 10. Let j(h) = -h**2 + h - 1. Let v(s) = -s - 12. Let o be v(-7). Let r(g) = o*j(g) + c(g). Calculate r(p).
-5
Let u(a) = -9*a**2 + 10*a - 4. Let x(o) = -25*o**2 + 29*o - 11. Let c(v) = 11*u(v) - 4*x(v). Give c(5).
-5
Let q(r) = r**3 + 8*r**2 + r + 10. Let n = 37 + -45. Give q(n).
2
Suppose -57*f - 6 = -58*f. Let b(r) = r**2 - 8*r + 9. Determine b(f).
-3
Let n(c) = -c**3 - 6*c**2 - 4*c + 2. Let u be n(-5). Let a(j) = j + 3. Determine a(u).
0
Let p(r) be the second derivative of r**4/12 - r**3/6 - r**2 - 2*r. Suppose 0 = -5*b + 3*g - 27, b - 26 = 3*b - 5*g. Determine p(b).
10
Let f(b) = -2*b - 3 + b + 2. Let u be f(-1). Let c(v) = v**3 + v**2 + 4. Calculate c(u).
4
Let l(n) = n**2 